s the value of 46 + -15 - (-12 + 26)?
17
Calculate (598 - 603) + (-4 - -1) + (-2 - -4).
-6
Evaluate 28 + (3 - 17) + (-1 - -14).
27
Evaluate -13 - (1 - (43 + -20)).
9
-28 - (-2 + 18 + (-29 - -13))
-28
1 + 13 + (-20 + 27 - 18)
3
Evaluate -1 - -9 - (-1 + 18 + (-99 - -88)).
2
Calculate 5 + -5 + (-1 - (0 - -6)) + 4.
-3
-29 + 28 - -2 - (1 - 0)
0
-10 - (3 - 13 - -4 - -17)
-21
(3 - (-2 + (5 - -7) - 5)) + 12
10
What is the value of 5 - ((-1 - 2) + (18 - (-5 + 11)))?
-4
What is 6 + -22 + -72 + 79?
-9
47 + -9 - 62 - (-8 + -1)
-15
Evaluate (16 + -4 - 25) + 11.
-2
Evaluate (0 - (12 + -17) - -4) + 9.
18
(12 - -2) + (6 - (14 - 6))
12
13 + (-7 + 12 - 3 - -1)
16
Calculate 7 + (-23 + 41 - (25 + -2)).
2
What is the value of -8 - (-13 + (-21 - -7))?
19
Calculate 0 - 6 - ((3 - 1) + -9 + 14).
-13
Calculate (78 - 94) + 26 + 7 + -7.
10
Evaluate (28 - 29) + 1 + -5 + 8.
3
What is 7 - (3 + 6 + 3 - (-7 + 12))?
0
What is the value of -48 + (20 - 14) + -9 + 20?
-31
What is -2 - (3 + -4) - -8?
7
Calculate (-250 - -251) + (0 - 2).
-1
What is -13 - ((17 - -18) + -12)?
-36
What is the value of (4 + -4 - (3 + (4 - 4))) + 13?
10
What is 16 - (12 - (-8 - -9))?
5
What is 143 + -142 + 1 + 8?
10
7 - ((17 - 10) + -6 + 2)
4
What is 4 + -3 + (0 - -4) + -9?
-4
What is the value of (1 - 0) + -12 + (27 - (8 + 18))?
-10
Calculate (2 - -6 - 6) + (11 - (6 + -4)).
11
Calculate -15 + 4 + 7 - (9 + -1).
-12
Calculate 31 - ((20 - 40) + 36).
15
Evaluate (-12 - -3) + (-10 - 6) + 20 - -2.
-3
Evaluate (7 - (9 + 10)) + 12.
0
Evaluate -31 + 18 + (6 - -1).
-6
What is the value of -10 - -6 - (1 - 19)?
14
Calculate -8 - (5 - (-9 - -13)) - (6 + 0).
-15
-10 - (-6 + (15 - 21) - -4)
-2
Calculate -17 + (37 - (53 + -30)).
-3
Calculate (-4 - (0 - -1)) + (-118 - -119).
-4
What is (2 - -14) + -20 + (-2 - 6)?
-12
Evaluate -6 - ((8 + -6 - 3) + -3 + -7).
5
Calculate (9 - 0) + (-3 + 9 - (-10 + 9)).
16
What is 37 + (-31 - -37) - 7?
36
What is 0 + -19 - (19 - (6 - -14))?
-18
Calculate 42 - 4 - (-6 - (-25 + 12)).
31
42 - 28 - (1 - 16) - (-2 - -4)
27
What is the value of -35 + 4 - 5 - -9?
-27
Calculate -21 - -1 - (-187 + 160).
7
3 + (-16 - (-16 - -32) - -7)
-22
Evaluate 1 - -17 - ((-9 - -24) + -9 + -11).
23
What is the value of 0 + -2 + 3 + 16 + -23 - -3?
-3
Calculate 68 - 77 - (0 + 4).
-13
What is the value of 23 - (9 + (-7 - 4) + 10)?
15
What is -12 + -18 + 43 + (1 - 5) - 4?
5
What is the value of -7 - (-7 + (-1 - -3) + 2 + 0)?
-4
(10 - 12) + -3 + -3 + 3
-5
Evaluate 13 + -18 + 1 + 4 + -4.
-4
What is (9 - 2 - (-2 - -5)) + (174 - 170)?
8
8 + -28 + (-13 - -22)
-11
What is the value of 3 - (8 - -8 - (5 + 2))?
-6
Evaluate 1 - 31 - (1847 - 1897).
20
What is -1 - ((-1 - -21 - 16) + -4)?
-1
What is -1480 + 1485 + -18 + -1 + 1?
-13
Calculate 10 - (-10 + 8 + -4).
16
50 - (-11 - (-3 + -44))
14
What is the value of (-20 - (-1 + -2)) + (890 - 837)?
36
What is the value of 4 + 4 - (1 + (-7 - -6))?
8
Calculate -37 - (-22 - -23) - -23.
-15
Calculate -43 + 46 + -23 + -4 + 5 + 2.
-17
Evaluate 2 + -6 + -10 - (-4 - 1).
-9
What is the value of 1 + 0 + -108 + 107?
0
Calculate -2 + (-52 - -65) + (-1 - -20).
30
-47 + 45 - (5 + -3 + 2 - -2)
-8
Evaluate -6 - (-5 + (-40 - -13)) - 10.
16
Calculate 10 - ((20 - 24) + -4 + 50 + -1).
-31
What is -3 + 0 + -24 + 17 + -6?
-16
(-12 - -7 - -7) + -3 + 0 - 3
-4
Calculate (1 - 5) + (-40 - -63) - (10 + -1).
10
What is 11 - (3 + (-8 - (4 + -14)))?
6
What is the value of 9 + -10 + (0 - -2 - (0 + -2))?
3
What is 3 + 7 + 0 + -11?
-1
Evaluate -6 + 5 + 4 + (-7 + 24 - 9).
11
Calculate 1 + (-10 - (-9 - (1 + -6))) - -28.
23
Calculate (1 - -2) + 188 + -182 + -19 - -7.
-3
Calculate -1 + (2 - 5) + (2 - -7).
5
What is 12 + (9 - (-8 - -27) - 0)?
2
What is the value of 11 - (-18 + (-19 - -84) + -17)?
-19
Evaluate -9 - (9 + (18 + -12 - 14)).
-10
What is the value of (-755 - -761) + 0 + -7 + 1?
0
Calculate 7 - (5 - (10 + -16 + 14)).
10
Calculate (0 + 2 - 0) + 5 - (74 + -70).
3
Evaluate -1 - (-15 - (-11 + (-2 - -4) + 2)).
7
Calculate -12 - (4 + -27 - (1 - 4)).
8
Evaluate (1 - (18 + -7)) + 10 + -24.
-24
Evaluate 13 + -2 - (-7 + 11 + -11).
18
14 - (16 + -27 - -14)
11
Evaluate 9 + -15 + 3 + 3 + -8.
-8
Calculate (56 - 19) + -9 - (11 + -6).
23
What is 1 + 0 + 5 - (-23 + 11 - -15)?
3
What is the value of -12 + 28 + -6 + -24?
-14
Evaluate (-1 - 0 - (0 + -2)) + -172 + 158.
-13
-15 - (-23 - (-19 + -1))
-12
-4 + (2 - (3 - -1 - 1)) + -22
-27
What is the value of -61 - (-5 - (35 + -5))?
-26
What is -18 - (-105 + 35 - -26)?
26
5 + (20 - -2 - -8)
35
-1 + 7 + (1 - -2 - (2 + 6))
1
What is the value of (-799 - -751) + 82 + -1?
33
-23 + (1 - (12 + -3)) + 16 + 2
-13
What is -516 - -515 - (-2 - 1)?
2
Evaluate -32 + (21 - (0 - -16)) + -8 + -1.
-36
What is (18 - (40 + -15)) + (-1 - -5 - 2)?
-5
Evaluate (-16 - -3 - -5) + 7 - (1 - 14).
12
What is 1 + (-17 - 21 - -9)?
-28
What is the value of 4 - ((6 - 3) + (2 - (8 - 4)))?
3
What is -10 + 8 + 18 + -5 - 0?
11
Evaluate (-2 - 3 - -21) + -13 - -18.
21
What is 2 + (-15 + 13 - 6)?
-6
What is the value of -13 - ((-11 - -10) + (-2 - 4))?
-6
Evaluate -4 - -3 - (-9 + 7 + -6).
7
Evaluate 5 + (-8 - (22 + -15)).
-10
9 + (7 - -12 - 15) + -6
7
Calculate 10 - (36 - (2 + 12 + -7)).
-19
Evaluate (-18 - (-5 + 7)) + 28.
8
Evaluate -3 + (-55 - -59) + 3 + 1.
5
Calculate 8 - (57 - 37 - 47).
35
What is the value of -8 - 3 - (-4 + -12 + 14)?
-9
What is -34 + -6 + 2 + 60 + -44?
-22
Calculate (1 - (1 - 7)) + (526 - 531) + -6.
-4
Evaluate 61 + -37 + 15 - 19.
20
-5 + -1 + 3 + 8 + -9 + 20
16
-5 + 2 + -108 + 108
-3
Calculate 2 + (-2 - (0 - 0)) + -9.
-9
Evaluate -11 + 19 + -9 - 7.
-8
Calculate -92 + 57 - (-20 + 5).
-20
Evaluate 4 - 31 - -11 - -16.
0
Evaluate -10 - (-13 - (-13 + 7)) - 5.
-8
Calculate (6 - (-14 + 22)) + -5 + 23.
16
Calculate 3 + (-1 - 2) + (6 - 8) - -6.
4
What is the value of 9 - (-7 + 11) - (6 + 12 + 4)?
-17
Evaluate (7 - -16 - 9 - 27) + 31.
18
Calculate 4 + (-6 - (-6 + (-7 - -9))).
2
(-1 - 8) + -9 + (-7 + 1 - -16)
-8
Evaluate -12 + 15 + 4 - 2 - 0.
5
What is the value of 11 - 22 - 1 - 22?
-34
What is 0 + 16 + (10 - 27 - -2)?
1
Calculate -29 - -29 - -8 - 6.
2
-4 - ((10 - 7 - (12 - 19)) + -52)
38
Evaluate 15 + (-239 + 233 - (2 - -1)).
6
Calculate -3 + (6 - (14 + -6 - 1 - 3)).
-1
Calculate (-1 - 2) + (4 - -2 - (8 + -13)).
8
What is -86 - -66 - (0 + -42)?
22
What is the value of 16 + -3 - (8 - 2) - (8 - 0)?
-1
Evaluate 50 + -39 - (7 - (7 - 2)).
9
What is the value of -5 + (10 - (3 + -7)) + 3 + -5?
7
Evaluate (9 - (0 - 0 - -8)) + 3.
4
Calculate 7 + (3 - -2) + (-11 - (-14 - -11)).
4
What is 27 + 3 - (-5 + (-12 - -11) + 15)?
21
What is the value of (6 - -11) + (10 - 18) + -5?
4
Calculate (-34 - 11 - -30) + 29.
14
What is the value of 28 + (1 - 19) + 9?
19
What is the value of 19 + 1 - (2 - -5) - 7?
6
What is the value of 0 + -5 - 0 - (-34 + 25)?
4
What is the value of 0 + -4 + (1 - -5) + 95 + -85?
12
Calculate -21 - (3 - 18 - 30).
24
Calculate (-22 - (-19 + 10)) + -5 + (-1 - 1).
-20
What is the value of (-18 - (14 - 31)) + (-6 - 3)?
-10
Evaluate -2 + (12 + -3 - 9) - 7.
-9
15 + 6 + -5 + -10 + 7
13
What is -6 + 5 + 0 + -1 - -4 - 2?
0
Calculate 19 - ((33 - 5) + -34).
25
Evaluate 6 + -10 - (5 - (4 + (10 - -2))).
7
Calculate 17 - ((-8 - 6) + 17).
14
What is 11 - (16 + -10 + -4 + -6)?
15
Calculate 36 + -20 + 25 - 18.
23
What is 6 - (-14 - (2 + -1 + -9 + 0))?
12
-41 + (11 - 9) + 6 - (-2 + -8)
-23
Calculate -7 - (-8 - 0 - 12) - 5.
8
What is (-6 - 14 - -9) + -2?
-13
What is -8 + -1 - (14 + -19 + (-16 - -16))?
-4
Evaluate -3 - ((-26 - -49) + -51).
25
Calculate -20 + -29 + (44 - -8).
3
Calculate (5 - 5 - 12) + (-16 - 0) - -4.
-24
Evaluate -20 + 10 + 9 + 8 - (2 - 1).
6
Evaluate 0 - 2 - -4 - (26 - 24 - 7).
7
Calculate (-32 + 15 - -3) + 24.
10
What is the value of (15 - (7 + 26) - 12) + (4 - -3)?
-23
Evaluate 24 - (0 + (3 - 17) + 15).
23
What is (-18 - -3) + -3 - (5 + -14)?
-9
Calculate 34 + (-51 - -58 - (2 + -4)) + -14.
29
-8 + 0 + 7 - -8
7
What is the value of 8 + 4 + -7 - (11 + 0) - 5?
-11
Calculate -3 - (-14 - (-3 - 6)) - 22.
-20
Evaluate (-6 - -7 - -1) + (1 - (-2 + 8)).
-3
Evaluate -1 + 3 + (-11 - (2 - 7)) + -3.
-7
Evaluate (5 - -3) + (-27 - -18).
-1
Calculate (6 - 7) + 3 + (-15 - (8 - 5)).
-16
What is the value of -37 - -33 - (2 + -7 + -2) - 9?
-6
Calculate (-3 - (-7 + -5)) + -7.
2
What is the value of (4 - (-1 - -4)) + -16 + 0